 = x**3 + 14*x**2 + 5*x - 37. Determine d(-13).
67
Let o(i) = -543*i - 3232. What is o(-6)?
26
Let w(b) = 2069*b - 4144. Give w(2).
-6
Let i(p) = -5*p**2 + 38*p - 21. Determine i(7).
0
Let u(p) = 13*p**2 + 18*p + 65. What is u(-3)?
128
Let b(r) = -r**3 - 8*r**2 - 17*r + 2. Calculate b(-6).
32
Let o(d) = 2*d**2 - 8*d - 3. Give o(4).
-3
Let h(k) = 21*k - 991. What is h(43)?
-88
Let i(q) = -134*q + 613. Determine i(6).
-191
Let m(k) = 2*k**2 + 36*k + 76. Give m(-13).
-54
Let v(c) = -2*c**2 + 19*c - 27. Calculate v(10).
-37
Let a(s) = s**3 + 12*s**2 - 36*s - 501. Calculate a(-12).
-69
Let b(r) = r**2 - 1304*r - 16. Give b(0).
-16
Let z(l) = -3*l**2 - 44*l + 5. Calculate z(-14).
33
Let i(n) = n**3 + 47*n**2 + 541*n + 32. Determine i(-27).
5
Let l(g) = -g**3 - 11*g**2 + 102*g + 163. Give l(7).
-5
Let f(d) = -14*d**2 + 168*d + 5. Give f(12).
5
Let z(j) = -3*j**3 + 51*j**2 + 2*j - 16. Give z(17).
18
Let k(c) = 7*c**2 - 55*c + 35. Determine k(7).
-7
Let z(y) = -y**3 + 6*y**2 + 2*y + 22. Determine z(5).
57
Let r(x) = 3804*x + 163575. Give r(-43).
3
Let z(u) = -88*u**3 + u**2 - 131*u + 132. Determine z(1).
-86
Let h(i) = 3*i**3 - 19*i**2 + 27*i + 23. Give h(3).
14
Let r(q) = -2*q**3 + 16*q**2 - 25*q - 1. What is r(5)?
24
Let f(t) = t**3 - 14*t**2 + 46*t + 5. Determine f(6).
-7
Let i(t) = -t**3 - 3*t**2 + 16*t - 1. What is i(3)?
-7
Let q(l) = -107*l - 5016. Calculate q(-47).
13
Let i(m) = -3*m**3 + 78*m**2 - 161*m + 412. Determine i(24).
4
Let f(w) = -204*w - 1658. Determine f(-8).
-26
Let o(m) = 2*m**2 - 128*m + 591. Determine o(59).
1
Let m(q) = -7*q**3 + 12*q**2 - 5*q + 11. Determine m(2).
-7
Let l(f) = 5*f**2 - 8*f - 250. Calculate l(8).
6
Let b(u) = u**3 - u**2 - 34*u + 33. Determine b(1).
-1
Let b(r) = -771*r + 17731. Give b(23).
-2
Let v(b) = b**2 + 2664*b - 10662. What is v(4)?
10
Let k(r) = -r**2 - 76*r + 207. Calculate k(-78).
51
Let j(g) = -3*g**2 - 494*g - 1766. Determine j(-161).
5
Let f(n) = 6*n**2 - 186*n + 416. What is f(29)?
68
Let g(d) = -5*d**2 - 41*d + 373. Determine g(-14).
-33
Let u(w) = 3*w**2 - 29*w - 4. Determine u(10).
6
Let c(b) = 2*b**3 - 45*b**2 + 33*b + 37. Give c(22).
279
Let j(x) = 497*x**3 - 3*x**2 - 33*x + 35. Give j(1).
496
Let t(f) = -23*f - 425. What is t(-30)?
265
Let x(t) = t**3 - 21*t**2 - 48*t - 74. Determine x(23).
-120
Let n(u) = -46*u + 38. What is n(1)?
-8
Let o(p) = -3*p**2 + 64*p + 136. Determine o(-4).
-168
Let v(a) = -a**3 + 23*a**2 - 91*a + 10. What is v(5)?
5
Let h(m) = 2116*m + 158698. Determine h(-75).
-2
Let y(p) = p**2 - 10*p + 81. Calculate y(-10).
281
Let l(r) = 69*r + 2825. What is l(-41)?
-4
Let w(b) = 50*b - 102. What is w(0)?
-102
Let q(i) = 10*i**2 - 1030*i - 2065. Give q(-2).
35
Let y(u) = -2*u**3 + 5*u**2 - 2*u + 7. What is y(0)?
7
Let j(a) = -160*a**2 + 11840*a - 12. What is j(74)?
-12
Let w(j) = 7*j**2 + 126*j + 37. What is w(-18)?
37
Let c(z) = -z**3 + 10*z**2 - 7*z + 82. Calculate c(10).
12
Let n(l) = -2*l**3 + 14*l**2 + 9638*l + 124. Give n(-66).
-8
Let w(u) = 63*u - 1362. Give w(23).
87
Let k(f) = -11*f**3 + f**2 - 13*f + 4. Give k(3).
-323
Let y(x) = -122*x + 11242. Give y(92).
18
Let w(m) = m**3 + 3*m**2 - 38*m + 6. Calculate w(5).
16
Let p(n) = n**3 + 42*n**2 - 52*n - 244. Determine p(-43).
143
Let u(y) = y**3 - 28*y**2 + 126*y - 309. Calculate u(23).
-56
Let d(m) = -m**3 - 4*m**2 + 77*m - 23. Determine d(7).
-23
Let w(g) = 898*g + 7235. Calculate w(-8).
51
Let g(k) = 45*k**3 + 727*k**2 + 114*k + 23. Give g(-16).
-9
Let a(k) = k + 514. Calculate a(36).
550
Let p(z) = -z**3 - 9*z**2 + 89*z - 15. Give p(6).
-21
Let i(w) = -6*w + 77. Calculate i(-12).
149
Let j(m) = m**3 - 9*m**2 - 20*m + 58. What is j(9)?
-122
Let n(y) = -y**3 + 14*y**2 + 58*y - 108. Calculate n(17).
11
Let g(u) = -96*u**2 - 21*u - 19. What is g(-1)?
-94
Let n(x) = -18*x - 62. Give n(-6).
46
Let d(w) = -w**3 + 36*w**2 + 299*w + 69. Determine d(43).
-17
Let s(g) = g**2 + 29*g + 40. Calculate s(-28).
12
Let x(f) = -1730*f + 10372. Calculate x(6).
-8
Let b(n) = -n**2 - 68*n + 646. What is b(-75)?
121
Let v(i) = i**3 + 10*i**2 + 73*i + 554. Determine v(-7).
190
Let g(l) = -l**3 + 24*l**2 - 66*l + 55. Calculate g(21).
-8
Let u(k) = k**2 - 48*k + 521. What is u(21)?
-46
Let q(f) = 13*f + 115. What is q(-6)?
37
Let u(z) = -24*z**3 + 122*z**2 - 18*z + 34. Calculate u(5).
-6
Let p(z) = z**3 - 92*z**2 + 263*z + 354. What is p(89)?
-2
Let u(x) = -10*x**2 + 374*x - 145. What is u(37)?
3
Let u(o) = -5*o**2 - 8*o - 21. Determine u(-2).
-25
Let v(q) = -q**2 + 9*q + 402. What is v(26)?
-40
Let x(a) = -22*a**2 - 177*a - 3. Give x(-6).
267
Let a(z) = -3*z**2 + 52*z - 332. Calculate a(7).
-115
Let c(o) = -1434*o + 7189. What is c(5)?
19
Let h(y) = 11*y + 32. Determine h(6).
98
Let p(k) = 4*k + 152. Determine p(-37).
4
Let u(z) = z**2 - 393*z - 7684. Determine u(-19).
144
Let u(r) = -2*r**2 - 22*r + 50. What is u(-10)?
70
Let c(q) = q**2 - 1198*q + 2392. What is c(2)?
0
Let s(f) = -4*f**3 + 4*f**2 - 7*f + 1. Determine s(3).
-92
Let p(k) = -22*k - 332. Calculate p(-15).
-2
Let l(q) = -q**2 + 11*q + 4150. Calculate l(-59).
20
Let a(t) = 2*t - 16. What is a(47)?
78
Let o(p) = 2*p - 90. Give o(53).
16
Let l(z) = 8*z**3 - 5*z**2 - 47*z + 6. Calculate l(4).
250
Let n(y) = 2*y**2 - 51*y + 83. What is n(21)?
-106
Let t(d) = 29*d + 1363. Determine t(-45).
58
Let u(l) = -445*l + 28942. Give u(65).
17
Let i(l) = 4*l**3 - 46*l**2 - 28*l + 6. Give i(12).
-42
Let v(r) = r**3 + 242*r**2 + 236*r - 1213. What is v(-241)?
-8
Let g(i) = 4*i**2 - 48*i + 80. Determine g(10).
0
Let o(u) = -7*u**2 - 40*u + 75. Determine o(2).
-33
Let s(i) = -i**3 - 6*i**2 - 14*i - 13. Give s(-3).
2
Let y(w) = -425*w + 14873. Calculate y(35).
-2
Let o(v) = 2*v**2 - 14*v - 27. Calculate o(8).
-11
Let d(s) = -203*s - 237. What is d(-2)?
169
Let s(p) = -29*p + 776. Determine s(26).
22
Let r(d) = -d**3 - 9*d**2 + 21*d + 84. Calculate r(-7).
-161
Let h(x) = x**3 + 92*x**2 + 595*x + 2. Calculate h(-7).
2
Let y(j) = j**3 - 10*j**2 + 39*j - 8. Calculate y(6).
82
Let r(g) = -9*g**3 - 22*g**2 - 40*g. Give r(-2).
64
Let r(n) = -4*n**2 - 85*n + 519. Give r(5).
-6
Let g(s) = s**3 - 4*s**2 - 5*s - 4. Determine g(5).
-4
Let w(t) = 13*t + 902. Give w(-68).
18
Let y(v) = -v**3 - 19*v**2 - 34*v - 6. What is y(-17)?
-6
Let o(y) = 197*y**2 - 24*y - 27. Determine o(-1).
194
Let d(t) = 19*t**2 - 89*t + 148. Give d(2).
46
Let g(w) = -29*w - 1695. Determine g(-58).
-13
Let z(c) = -44*c + 228. Give z(6).
-36
Let m(b) = -b**2 + 77*b + 817. Calculate m(71).
1243
Let p(v) = 66*v + 577. Calculate p(-9).
-17
Let f(r) = -4*r**2 + 16*r + 82. Calculate f(-6).
-158
Let x(z) = 38*z + 468. Give x(-14).
-64
Let o(q) = -2*q**3 - 19*q**2 - 6*q + 38. Determine o(-9).
11
Let y(z) = -3*z**2 - 18*z + 950. Calculate y(-21).
5
Let l(u) = u**2 + 110*u + 2697. Determine l(-37).
-4
Let j(h) = -2*h**2 - 105*h + 512. Calculate j(-57).
-1
Let n(z) = -46*z - 1021. What is n(-23)?
37
Let r(h) = h**3 + 4*h**2 + 38*h + 130. Determine r(-4).
-22
Let x(l) = -4*l**2 + 115*l + 9. Give x(29).
-20
Let c(n) = 5080*n + 55883. Calculate c(-11).
3
Let y(s) = -s**3 - 29*s**2 - 58*s + 43. Give y(-27).
151
Let o(g) = -39*g**2 + 345*g + 8. Calculate o(9).
-46
Let t(n) = 384*n - 1520. Give t(4).
16
Let j(y) = y**3 + 27*y**2 + 306*y - 1186. Give j(3).
2
Let o(z) = -101*z - 3114. What is o(-31)?
17
Let n(c) = -27*c**3 - 7*c - 4. What is n(-2)?
226
Let c(m) = 16*m**3 - 502*m**2 + 184*m + 66. Give c(31).
4
Let a(d) = -d**3 + 79*d**2 + 232*d + 177. Determine a(82).
-971
Let m(k) = 13*k + 325. Determine m(-17).
104
Let i(n) = 1667*n - 18327. Determine i(11).
10
Let y(h) = -2*h**2 - 85*h - 499. What is y(-7)?
-2
Let z(s) = -314*s + 5659. Give z(18).
7
Let f(y) = 4*y**2 - 79*y - 46. What is f(20)?
-26
Let a(q) = -q**3 - 50*q**2 - 5*q - 8693. What is a(-53)?
-1
Let q(c) = -18*c + 940. Give q(52).
4
Let o(b) = -2*b**2 + 16*b + 1024. Give o(-19).
-2
Let y(j) = 2*j**2 - 33*j + 15. Calculate y(14).
-55
Let b(t) = -8*t**2 - 94*t + 19. What is b(-13)?
-111
Let x(r) = 34*r**2 - 1166*r - 6687. Give x(-5).
-7
Let z(j) = -10*j**2 - 24*j + 12. Give z(-5).
-118
Let u(j) = -10*j**3 + 3*j**2 + 12*j - 2. Give u(-3).
259
Let k(o) = -o**2 + 67*o + 171. Give k(70).
-39
Let y(u) = 2*u**2 - 3*u - 56. Determine y(10).
114
Let b(g) = 11*g**2 + 3*g + 2. What is b(-2)?
40
Le